NOAA-Style Climate Reports

Select a Year or Month report
2019: Ene Feb Mar Abr May Jun Jul Ago Sep Oct Nov Dic
2018: Ene Feb Mar Abr May Jun Jul Ago Sep Oct Nov Dic
2017: Ene Feb Mar Abr May Jun Jul Ago Sep Oct Nov Dic
2016: Ene Feb Mar Abr May Jun Jul Ago Sep Oct Nov Dic
2015: Ene Feb Mar Abr May Jun Jul Ago Sep Oct Nov Dic
2014: Ene Feb Mar Abr May Jun Jul Ago Sep Oct Nov Dic
2013: Ene Feb Mar Abr May Jun Jul Ago Sep Oct Nov Dic
2012: Ene Feb Mar Abr May Jun Jul Ago Sep Oct Nov Dic

Report for 2013 Diciembre
                   MONTHLY CLIMATOLOGICAL SUMMARY for DEC. 2013

NAME: Ayuntamiento de L'Alfàs del Pi   CITY: L'Alfàs del Pi   STATE: Alicante 
ELEV:    95 m  LAT:  38° 34' 47" N  LONG:   0° 06' 05" W

                   TEMPERATURE (°C), RAIN  (mm), WIND SPEED (km/hr)

                                      HEAT  COOL        AVG
    MEAN                              DEG   DEG         WIND                 DOM
DAY TEMP  HIGH   TIME   LOW    TIME   DAYS  DAYS  RAIN  SPEED HIGH   TIME    DIR
------------------------------------------------------------------------------------
 1   8.9  11.6   21:25   4.6    0:15   9.3   0.0  45.2  11.9  54.7    6:25    NE
 2  10.9  14.4   14:05   7.4    6:30   7.4   0.0   0.0   2.9  19.3   17:55    NW
 3  12.7  14.6   12:45  10.4    0:35   5.6   0.0   0.0   5.6  33.8   13:10     N
 4  13.4  17.0   13:15  10.4   22:20   4.8   0.0   0.0   3.7  20.9    1:20   WNW
 5  12.4  17.6   14:15   8.4    4:00   5.9   0.0   0.0   1.8  14.5   14:30   WNW
 6  12.3  16.9   14:15   8.9    7:20   6.0   0.0   0.0   2.6  12.9    5:45    NW
 7  11.3  15.2   13:40   8.3    7:25   7.0   0.0   0.0   3.1  17.7   11:25   WNW
 8  11.3  16.7   16:15   7.1    2:40   7.0   0.0   0.0   1.8  12.9   13:05    NW
 9  12.4  16.0   14:55  10.1    0:05   5.9   0.0   0.0   3.4  19.3    5:55    NW
10  12.2  16.3   12:15   9.4    4:15   6.1   0.0   0.0   2.1  12.9   13:15    NW
11  12.7  14.7   15:40  11.1    2:55   5.6   0.0   0.0   1.9  14.5    8:20   NNW
12  12.3  15.4   13:35   9.7   00:00   6.0   0.0   0.0   2.7  17.7   13:45    NW
13  11.7  15.5   14:05   9.1    3:25   6.6   0.0   0.0   1.9  17.7   12:10    NW
14  12.6  16.7   14:05  10.2    4:10   5.7   0.0   0.0   3.4  20.9   11:45   NNW
15  11.6  15.9   16:00   8.6    2:45   6.7   0.0   0.0   1.9  17.7   13:20   WNW
16  11.6  16.2   16:00   8.0    7:50   6.7   0.0   0.0   2.4  16.1   20:25   NNW
17  13.4  16.3   13:35  11.1   00:00   4.9   0.0   0.0   3.5  19.3    5:15   NNW
18  12.9  17.7   11:40   9.4    5:40   5.4   0.0   0.0   1.6  12.9   14:10   WNW
19  12.7  15.3   11:00  10.6   23:55   5.6   0.0  16.8   2.4  19.3   20:25   WNW
20  12.2  15.1   15:25   9.5    3:00   6.1   0.0   2.2  10.3  43.5   10:30    NE
21  12.0  14.9   15:10   9.4   23:55   6.3   0.0   0.0   6.9  37.0    0:50     N
22  11.8  16.7   15:10   8.5    7:30   6.5   0.0   0.0   1.9  11.3   13:40   WNW
23  11.5  15.4   12:25   8.5    7:20   6.8   0.0   0.0   2.1  16.1   13:50   WNW
24  11.3  14.3   14:00   8.2    8:10   7.0   0.0   0.0   4.8  27.4   14:30    SW
25  12.7  14.9   19:55  11.6   16:45   5.6   0.0   7.8  11.9  75.6   22:55   WNW
26  12.7  15.4   15:05  10.3   00:00   5.6   0.0   0.0  19.5  78.9    9:35   WNW
27  13.1  18.0   16:50   9.4    2:15   5.2   0.0   0.0   2.7  25.7    9:00     W
28  13.5  19.1   14:40   9.5    6:20   4.8   0.0   0.0   4.8  37.0   21:05    NW
29  11.9  15.4   15:40   7.8   00:00   6.3   0.0   0.0   5.3  32.2    0:40    NW
30   9.9  14.1   12:00   6.4    5:05   8.3   0.0   0.0   2.7  17.7   13:30    NW
31  10.4  15.2   16:30   6.7    2:35   7.9   0.0   0.0   1.6  16.1   15:10   WNW
-------------------------------------------------------------------------------------
    12.0  19.1    28     4.6     1   194.6   0.0  72.0   4.4  78.9    26      NW

Max >=  32.0:  0
Max <=   0.0:  0
Min <=   0.0:  0
Min <= -18.0:  0
Max Rain: 45.21 ON 01/12/13
Days of Rain: 4 (> .2 mm) 4 (> 2 mm) 1 (> 20 mm)
Heat Base:  18.3  Cool Base:  18.3  Method: Integration