NOAA-Style Climate Reports

Select a Year or Month report
2019: Ene Feb Mar Abr May Jun Jul Ago Sep Oct Nov Dic
2018: Ene Feb Mar Abr May Jun Jul Ago Sep Oct Nov Dic
2017: Ene Feb Mar Abr May Jun Jul Ago Sep Oct Nov Dic
2016: Ene Feb Mar Abr May Jun Jul Ago Sep Oct Nov Dic
2015: Ene Feb Mar Abr May Jun Jul Ago Sep Oct Nov Dic
2014: Ene Feb Mar Abr May Jun Jul Ago Sep Oct Nov Dic
2013: Ene Feb Mar Abr May Jun Jul Ago Sep Oct Nov Dic
2012: Ene Feb Mar Abr May Jun Jul Ago Sep Oct Nov Dic

Report for 2013 Noviembre
                   MONTHLY CLIMATOLOGICAL SUMMARY for NOV. 2013

NAME: Ayuntamiento de L'Alfàs del Pi   CITY: L'Alfàs del Pi   STATE: Alicante 
ELEV:    95 m  LAT:  38° 34' 47" N  LONG:   0° 06' 05" W

                   TEMPERATURE (°C), RAIN  (mm), WIND SPEED (km/hr)

                                      HEAT  COOL        AVG
    MEAN                              DEG   DEG         WIND                 DOM
DAY TEMP  HIGH   TIME   LOW    TIME   DAYS  DAYS  RAIN  SPEED HIGH   TIME    DIR
------------------------------------------------------------------------------------
 1  17.7  22.1   13:55  12.9    7:25   1.7   1.1   0.0   4.0  30.6   13:40    SW
 2  19.3  24.7   12:50  14.0    3:50   1.0   2.0   0.0   3.1  25.7   16:15   WNW
 3  20.0  24.9   11:30  16.5    2:20   0.4   2.1   0.0   2.7  17.7   13:45   WNW
 4  19.4  22.6   15:25  15.4    6:25   0.6   1.7   0.0   5.8  57.9   19:45   WNW
 5  23.1  28.2   14:00  19.4    4:05   0.0   4.8   0.0   6.4  33.8   13:45     W
 6  23.4  27.7   12:35  18.8   00:00   0.0   5.2   0.0   3.5  25.7    2:45   WNW
 7  20.1  25.5    9:45  16.5   00:00   0.2   1.9   0.0   2.9  25.7   15:10   WNW
 8  19.4  24.2   14:35  15.8    6:35   0.6   1.8   0.0   1.6  14.5   13:10    NW
 9  19.0  22.6   13:20  14.8   22:45   0.5   1.2   0.0   3.2  19.3    8:50   WNW
10  18.6  21.7   11:35  14.9    6:40   0.9   1.2   0.0   3.1  24.1   22:15   WNW
11  19.8  23.3   11:40  16.1   22:35   0.3   1.7   0.0   4.5  24.1   10:00    NW
12  17.7  20.8   14:15  14.7   23:50   1.1   0.5   0.0   2.9  20.9   10:25   ESE
13  17.4  20.8   12:20  13.9    4:20   1.4   0.5   0.0   1.3  14.5   12:30   WNW
14  17.2  21.1   15:10  13.8   23:55   1.5   0.4   5.4   3.5  19.3   12:10   WNW
15  13.2  16.7   14:05   7.7   20:30   5.1   0.0   0.8   9.7  43.5    8:45    NW
16   9.6  14.0   15:20   6.4    5:40   8.7   0.0   9.8   8.4  43.5    9:15    NW
17  10.9  14.7   13:40   7.6    2:20   7.4   0.0   0.0   2.4  17.7    0:40    NW
18  11.8  16.2   12:00   6.4    7:50   6.5   0.0   0.0   1.9  17.7    9:50   WNW
19  15.4  19.2   13:35  11.6    8:00   3.0   0.0   0.0   3.5  33.8   23:20   WNW
20  12.1  14.8   15:40   8.4   23:50   6.2   0.0   0.0   8.7  45.1    4:10    NW
21  13.0  18.7   13:40   6.8    6:35   5.3   0.0   0.0   8.4  46.7   20:00   WNW
22  13.2  17.2   15:30  10.9   23:20   5.1   0.0   0.0   8.2  45.1   11:40    NW
23  11.9  16.2   15:25   8.1    6:05   6.4   0.0   0.0   6.3  32.2    9:55    NW
24  11.3  15.6   16:45   8.2    5:05   7.0   0.0   0.0   4.5  24.1    8:50    NW
25  11.9  15.5   14:20   8.6   22:50   6.3   0.0   0.0   4.0  19.3    2:00    SW
26  11.2  14.6   12:05   8.4    0:40   7.1   0.0   0.0   3.9  24.1   13:15   NNW
27  10.1  13.2   12:25   8.2    3:15   8.2   0.0   0.6   4.5  30.6   23:35   ENE
28   9.6  12.8   13:50   7.6    7:20   8.8   0.0   3.2   6.6  33.8    3:20    NE
29   9.6  13.7   12:55   6.8    7:25   8.7   0.0   0.0   5.1  24.1   15:20    NE
30   8.9  13.1   19:25   4.6   23:35   9.4   0.0  15.6   3.5  38.6   21:35    NW
-------------------------------------------------------------------------------------
    15.2  28.2     5     4.6    30   119.4  26.1  35.4   4.6  57.9     4      NW

Max >=  32.0:  0
Max <=   0.0:  0
Min <=   0.0:  0
Min <= -18.0:  0
Max Rain: 15.60 ON 30/11/13
Days of Rain: 6 (> .2 mm) 4 (> 2 mm) 0 (> 20 mm)
Heat Base:  18.3  Cool Base:  18.3  Method: Integration