NOAA-Style Climate Reports


Report for 2013 Septiembre
                   MONTHLY CLIMATOLOGICAL SUMMARY for SEP. 2013

NAME: Ayuntamiento de L'Alfàs del Pi   CITY: L'Alfàs del Pi   STATE: Alicante 
ELEV:    95 m  LAT:  38° 34' 47" N  LONG:   0° 06' 05" W

                   TEMPERATURE (°C), RAIN  (mm), WIND SPEED (km/hr)

                                      HEAT  COOL        AVG
    MEAN                              DEG   DEG         WIND                 DOM
DAY TEMP  HIGH   TIME   LOW    TIME   DAYS  DAYS  RAIN  SPEED HIGH   TIME    DIR
------------------------------------------------------------------------------------
 1  24.3  28.4   12:10  20.7    6:45   0.0   6.0   0.0   3.4  22.5   15:40   ESE
 2  24.7  28.9   15:45  19.7    6:15   0.0   6.4   0.0   2.7  22.5   16:55   ESE
 3  24.2  28.2   17:20  20.2    6:55   0.0   5.9   0.0   3.4  20.9   14:45   ESE
 4  23.7  27.1   13:10  20.7    4:30   0.0   5.4   0.0   5.6  33.8   15:05   ESE
 5  24.1  27.4   13:55  20.7    7:45   0.0   5.8   0.0   4.7  24.1   14:20   ESE
 6  24.3  28.1   15:45  20.6    6:05   0.0   6.0   0.0   4.3  24.1   16:40    SW
 7  22.0  23.9   11:40  20.3   00:00   0.0   3.7   3.6   3.2  22.5   11:35   WNW
 8  23.2  28.3   14:30  18.3    4:45   0.0   4.9   1.0   2.3  17.7   15:00    SW
 9  24.2  28.8   14:20  21.2    4:20   0.0   5.9   0.0   4.7  30.6   16:00   ESE
10  24.2  27.8   13:25  21.4    8:05   0.0   5.9   0.0   3.7  22.5   14:50    SW
11  23.3  27.3   12:40  20.4    7:25   0.0   5.0   0.0   6.0  27.4   13:00    NE
12  23.4  26.3   13:40  21.1    6:45   0.0   5.1   0.0   5.8  27.4   12:55   ESE
13  23.2  25.5   17:30  21.2   23:20   0.0   4.9   0.0   2.7  19.3   13:05   ESE
14  23.1  27.6   16:35  19.1    5:35   0.0   4.8   0.0   3.1  16.1   12:35    NW
15  24.0  28.2   16:05  19.7    7:00   0.0   5.7   0.0   2.9  17.7   12:40   WNW
16  23.9  27.1   11:40  21.1    6:55   0.0   5.7   0.0   4.0  24.1   13:50    SW
17  24.1  27.8   10:25  21.1    6:20   0.0   5.7   0.0   4.0  32.2   13:40   ENE
18  24.6  27.8   15:50  22.4    7:15   0.0   6.3   0.0   3.5  19.3   12:00   ESE
19  23.6  27.5   12:05  20.6   23:50   0.0   5.3   0.0   3.5  25.7   16:10   ESE
20  22.6  26.4   14:45  18.6    7:50   0.0   4.3   0.0   3.5  25.7   12:45   ESE
21  23.2  27.3   16:20  20.2    5:00   0.0   4.9   0.0   2.7  19.3   15:00    NW
22  23.0  26.6   14:30  20.1    7:10   0.0   4.7   0.0   3.1  20.9   13:50   ESE
23  22.7  26.6   13:30  19.0    7:25   0.0   4.4   0.0   3.7  24.1   15:05    SW
24  22.4  25.8   15:55  18.8    5:50   0.0   4.1   0.0   4.0  24.1   11:10    SW
25  22.9  26.8   14:10  19.4    7:20   0.0   4.6   0.0   2.7  19.3   15:05    SW
26  23.3  27.8   13:05  20.0    1:25   0.0   5.0   0.0   2.9  20.9   16:30   ESE
27  24.4  28.7   12:55  21.4    2:35   0.0   6.2   0.0   2.9  19.3   14:30    SW
28  24.1  28.0   12:00  21.0    7:45   0.0   5.7   0.0   4.5  32.2   15:35    SW
29  24.7  28.1   15:20  20.9    2:15   0.0   6.4   0.0   6.1  40.2   14:35   WNW
30  24.8  27.4   12:00  22.1    6:50   0.0   6.5   0.0   6.0  27.4    0:35    SW
-------------------------------------------------------------------------------------
    23.7  28.9     2    18.3     8     0.0 161.1   4.6   3.9  40.2    29     ESE

Max >=  32.0:  0
Max <=   0.0:  0
Min <=   0.0:  0
Min <= -18.0:  0
Max Rain: 3.61 ON 07/09/13
Days of Rain: 2 (> .2 mm) 1 (> 2 mm) 0 (> 20 mm)
Heat Base:  18.3  Cool Base:  18.3  Method: Integration