NOAA-Style Climate Reports

Select a Year or Month report
2019: Ene Feb Mar Abr May Jun Jul Ago Sep Oct Nov Dic
2018: Ene Feb Mar Abr May Jun Jul Ago Sep Oct Nov Dic
2017: Ene Feb Mar Abr May Jun Jul Ago Sep Oct Nov Dic
2016: Ene Feb Mar Abr May Jun Jul Ago Sep Oct Nov Dic
2015: Ene Feb Mar Abr May Jun Jul Ago Sep Oct Nov Dic
2014: Ene Feb Mar Abr May Jun Jul Ago Sep Oct Nov Dic
2013: Ene Feb Mar Abr May Jun Jul Ago Sep Oct Nov Dic
2012: Ene Feb Mar Abr May Jun Jul Ago Sep Oct Nov Dic

Report for 2013 Agosto
                   MONTHLY CLIMATOLOGICAL SUMMARY for JUL. 2013

NAME: Ayuntamiento de L'Alfàs del Pi   CITY: L'Alfàs del Pi   STATE: Alicante 
ELEV:    95 m  LAT:  38° 34' 47" N  LONG:   0° 06' 05" W

                   TEMPERATURE (°C), RAIN  (mm), WIND SPEED (km/hr)

                                      HEAT  COOL        AVG
    MEAN                              DEG   DEG         WIND                 DOM
DAY TEMP  HIGH   TIME   LOW    TIME   DAYS  DAYS  RAIN  SPEED HIGH   TIME    DIR
------------------------------------------------------------------------------------
 1  22.2  24.9   13:35  18.8    6:00   0.0   3.9   0.0   0.0   0.0     ---   ---
 2  22.9  26.3   10:30  20.2    3:05   0.0   4.6   0.0   0.0   0.0     ---   ---
 3  23.1  26.9   18:55  19.5    5:35   0.0   4.8   0.0   0.0   0.0     ---   ---
 4  23.5  27.5   16:25  19.9    5:35   0.0   5.2   0.0   0.0   0.0     ---   ---
 5  23.9  27.6   17:25  20.3    6:05   0.0   5.6   0.0   0.0   0.0     ---   ---
 6  23.6  26.5   10:20  20.3    6:35   0.0   5.3   0.0   0.0   0.0     ---   ---
 7  25.4  29.2   11:20  19.8    6:45   0.0   7.1   0.0   0.0   0.0     ---   ---
 8  26.1  29.9   15:20  21.8    5:00   0.0   7.8   0.0   0.0   0.0     ---   ---
 9  25.7  28.6   10:40  22.2    5:55   0.0   7.2   0.0   0.0   0.0     ---   ---
10  25.5  30.4   12:30  21.5    6:30   0.0   7.2   0.6   0.0   0.0     ---   ---
11  25.2  30.0   14:15  21.8    4:30   0.0   6.9   1.2   0.0   0.0     ---   ---
12  25.3  28.2   17:10  20.6    7:20   0.0   7.0   0.0   0.0   0.0     ---   ---
13  27.0  32.1   17:20  23.9   23:55   0.0   8.7   0.0   0.0   0.0     ---   ---
14  25.3  28.5   13:55  22.1    5:40   0.0   7.0   0.0   0.0   0.0     ---   ---
15  25.7  30.6   16:10  20.9    6:15   0.0   7.4   0.0   0.0   6.4   17:20   ENE
16  26.5  29.6   13:15  22.6    6:25   0.0   8.2   0.0   0.0  16.1   15:10   ESE
17  26.8  30.7   19:00  22.7    5:15   0.0   8.5   0.0   0.0   3.2   15:10   ENE
18  26.7  30.9   13:45  22.3    6:00   0.0   8.4   0.0   0.0   4.8   12:35   ESE
19  25.9  29.3   18:35  22.5    4:40   0.0   7.6   0.0   0.0   3.2   15:30     E
20  27.9  33.6   13:25  24.4    1:30   0.0   9.6   0.0   0.8  29.0   14:05   ESE
21  27.7  31.2   15:50  24.8    6:10   0.0   9.4   0.0   0.0  19.3   15:30   ESE
22  26.8  30.1   12:30  23.3    6:30   0.0   8.5   0.0   0.0  14.5   15:40     E
23  25.7  29.0   11:20  22.2    6:45   0.0   7.4   0.0   0.0  22.5   15:10    SW
24  25.6  29.3   15:45  21.5    6:35   0.0   7.3   0.0   1.6  22.5   16:15    SW
25  26.5  32.3   16:00  21.8    7:05   0.0   8.2   0.0   1.0  19.3   14:00    SW
26  26.3  30.2   14:10  22.6    4:15   0.0   8.0   0.0   1.9  19.3   18:15   ENE
27  26.7  30.1   12:40  23.9    4:25   0.0   8.4   0.0   3.1  20.9   15:20    SW
28  26.6  30.6   18:05  22.6    5:50   0.0   8.3   0.0   3.7  20.9   13:20    SW
29  27.4  31.2   13:05  23.8    5:15   0.0   9.1   0.0   4.2  24.1    6:05    SW
30  25.7  29.1   10:35  22.2    5:45   0.0   7.4   0.0   4.5  35.4   12:05   ESE
31  26.4  30.5   13:35  21.9    4:20   0.0   8.2   0.0   2.6  19.3   15:05    SW
-------------------------------------------------------------------------------------
    25.7  33.6    20    18.8     1     0.0 228.6   1.8   0.8  35.4    30      SW

Max >=  32.0:  3
Max <=   0.0:  0
Min <=   0.0:  0
Min <= -18.0:  0
Max Rain: 1.19 ON 11/07/13
Days of Rain: 2 (> .2 mm) 0 (> 2 mm) 0 (> 20 mm)
Heat Base:  18.3  Cool Base:  18.3  Method: Integration