NOAA-Style Climate Reports


Report for 2013 Junio
                   MONTHLY CLIMATOLOGICAL SUMMARY for JUN. 2013

NAME: Ayuntamiento de L'Alfàs del Pi   CITY: L'Alfàs del Pi   STATE: Alicante 
ELEV:    95 m  LAT:  38° 34' 42" N  LONG:   0° 06' 00" W

                   TEMPERATURE (°C), RAIN  (mm), WIND SPEED (km/hr)

                                      HEAT  COOL        AVG
    MEAN                              DEG   DEG         WIND                 DOM
DAY TEMP  HIGH   TIME   LOW    TIME   DAYS  DAYS  RAIN  SPEED HIGH   TIME    DIR
------------------------------------------------------------------------------------
 1  18.7  22.1   13:40  14.1    6:30   1.0   1.4   0.0   0.0   0.0     ---   ---
 2  18.3  21.6   12:40  14.5    6:40   1.0   1.0   0.0   0.0   0.0     ---   ---
 3  19.1  24.1   14:15  14.7    5:25   0.9   1.7   0.0   0.0   1.6   23:50     W
 4  20.1  24.8   14:55  15.8    5:05   0.5   2.3   0.0   0.0   1.6    3:20   WNW
 5  20.5  24.3   14:50  17.6    2:25   0.1   2.3   0.0   0.0   0.0     ---   ---
 6  20.7  24.8   16:25  16.4    6:50   0.1   2.5   0.0   0.0   0.0     ---   ---
 7  19.6  23.2   14:20  17.1    3:10   0.2   1.5   0.0   0.0   0.0     ---   ---
 8  20.1  24.1   13:40  16.1    4:10   0.4   2.2   0.0   0.0   0.0     ---   ---
 9  20.9  26.2   15:25  16.6    4:00   0.2   2.8   0.4   0.0   0.0     ---   ---
10  22.5  26.6   12:50  18.9    4:25   0.0   4.2   0.0   0.0   0.0     ---   ---
11  23.2  28.9   10:45  17.6    6:55   0.0   5.0   0.0   0.0   0.0     ---   ---
12  23.5  29.8   15:55  18.5    6:15   0.0   5.2   0.0   0.0   0.0     ---   ---
13  24.6  30.2   17:15  19.4    3:15   0.0   6.2   0.0   0.0   0.0     ---   ---
14  23.4  27.2   19:10  20.1    7:05   0.0   5.1   0.0   0.0   0.0     ---   ---
15  23.1  27.3   16:35  19.5    6:55   0.0   4.8   0.0   0.0   0.0     ---   ---
16  23.7  29.1   12:25  20.1    1:00   0.0   5.4   0.0   0.0   0.0     ---   ---
17  22.5  25.8   11:10  19.6    3:25   0.0   4.2   0.0   0.0   0.0     ---   ---
18  21.9  25.8   15:30  19.8    3:15   0.0   3.6   0.8   0.0   0.0     ---   ---
19  21.4  25.0   14:40  17.6    5:50   0.0   3.2   0.0   0.0   0.0     ---   ---
20  21.3  25.7   16:15  17.7    4:45   0.0   3.0   0.0   0.0   0.0     ---   ---
21  22.0  26.0   16:20  18.0    4:15   0.0   3.7   0.0   0.0   0.0     ---   ---
22  22.8  26.3   10:50  18.3    6:25   0.0   4.6   0.0   0.0   0.0     ---   ---
23  22.6  26.8   12:40  18.6    5:50   0.0   4.3   0.0   0.0   0.0     ---   ---
24  21.2  23.2   11:40  18.6    6:20   0.0   2.8   0.0   0.0   0.0     ---   ---
25  21.0  23.7   16:30  18.2    6:35   0.0   2.7   0.0   0.0   0.0     ---   ---
26  20.7  24.5   14:45  17.8    5:55   0.0   2.5   0.0   0.0   0.0     ---   ---
27  21.1  24.4   12:10  18.1    6:10   0.0   2.7   0.0   0.0   0.0     ---   ---
28  21.7  25.4   13:40  17.6    6:05   0.0   3.4   0.0   0.0   0.0     ---   ---
29  22.6  26.2   17:25  17.8    6:15   0.0   4.3   0.0   0.0   0.0     ---   ---
30  22.5  25.7   12:20  18.0    6:50   0.0   4.2   0.0   0.0   0.0     ---   ---
-------------------------------------------------------------------------------------
    21.6  30.2    13    14.1     1     4.6 102.8   1.2   0.0   1.6     3       W

Max >=  32.0:  0
Max <=   0.0:  0
Min <=   0.0:  0
Min <= -18.0:  0
Max Rain: 0.79 ON 18/06/13
Days of Rain: 2 (> .2 mm) 0 (> 2 mm) 0 (> 20 mm)
Heat Base:  18.3  Cool Base:  18.3  Method: Integration