NOAA-Style Climate Reports

Select a Year or Month report
2019: Ene Feb Mar Abr May Jun Jul Ago Sep Oct Nov Dic
2018: Ene Feb Mar Abr May Jun Jul Ago Sep Oct Nov Dic
2017: Ene Feb Mar Abr May Jun Jul Ago Sep Oct Nov Dic
2016: Ene Feb Mar Abr May Jun Jul Ago Sep Oct Nov Dic
2015: Ene Feb Mar Abr May Jun Jul Ago Sep Oct Nov Dic
2014: Ene Feb Mar Abr May Jun Jul Ago Sep Oct Nov Dic
2013: Ene Feb Mar Abr May Jun Jul Ago Sep Oct Nov Dic
2012: Ene Feb Mar Abr May Jun Jul Ago Sep Oct Nov Dic

Report for 2013 Mayo
                   MONTHLY CLIMATOLOGICAL SUMMARY for MAY. 2013

NAME: Ayuntamiento de L'Alfàs del Pi   CITY: L'Alfàs del Pi   STATE: Alicante 
ELEV:    95 m  LAT:  38° 34' 42" N  LONG:   0° 06' 00" W

                   TEMPERATURE (°C), RAIN  (mm), WIND SPEED (km/hr)

                                      HEAT  COOL        AVG
    MEAN                              DEG   DEG         WIND                 DOM
DAY TEMP  HIGH   TIME   LOW    TIME   DAYS  DAYS  RAIN  SPEED HIGH   TIME    DIR
------------------------------------------------------------------------------------
 1  14.0  17.8   12:45   9.6    6:30   4.3   0.0   0.2   3.2  22.5   13:55   ESE
 2  14.8  20.3   15:05  10.7    7:05   3.5   0.1   0.0   3.1  20.9   15:15    SW
 3  15.4  19.8   10:10  12.3    6:55   3.0   0.0   0.0   2.7  29.0   13:10   ESE
 4  16.4  20.4   13:10  11.5    5:40   2.4   0.5   0.0   0.3  16.1   14:05    SW
 5  16.1  19.0   17:30  12.4    6:30   2.3   0.0   0.0   0.0   4.8    9:40   WSW
 6  17.8  23.7   16:55  12.2    7:40   1.9   1.4   0.0   0.0  16.1   14:15    SW
 7  22.3  28.1   11:40  16.9    0:45   0.2   4.3   0.0   0.0  12.9   14:30   WSW
 8  23.8  30.1   14:30  20.3    0:05   0.0   5.5   0.0   0.0   6.4   23:35    SW
 9  21.3  26.0   16:35  17.7    6:50   0.0   3.0   0.0   0.0   6.4   11:05     W
10  19.7  22.7   10:20  17.0    7:05   0.1   1.5   0.0   0.0  12.9   13:10   ESE
11  17.6  20.4   13:10  15.7    7:35   0.9   0.2   0.0   0.0   3.2    5:00    NE
12  17.6  20.6   16:20  14.6    6:55   1.0   0.4   0.0   0.0   0.0     ---   ---
13  17.7  20.6   15:10  14.9    7:05   1.0   0.4   0.0   0.0   0.0     ---   ---
14  18.1  21.6   16:35  14.6    5:25   0.9   0.7   0.0   0.0   0.0     ---   ---
15  18.3  23.8   14:45  15.3    7:00   1.0   1.0   5.8   0.0  11.3   16:45     E
16  15.9  20.2   17:25  12.9    6:10   2.5   0.1   1.8   0.2  12.9   15:20   ESE
17  16.3  20.3   15:30  13.2    7:05   2.1   0.2   0.0   0.0   0.0     ---   ---
18  16.3  19.9   14:10  12.0    7:10   2.1   0.1   0.6   0.0   0.0     ---   ---
19  16.1  20.2   14:10  12.5    4:35   2.4   0.1   0.0   0.0   0.0     ---   ---
20  16.2  19.8   17:10  13.7   00:00   2.3   0.1   0.0   0.0   0.0     ---   ---
21  15.0  17.0   15:25  13.5    6:15   3.3   0.0   0.0   0.0   0.0     ---   ---
22  17.8  21.8   14:40  12.3    5:25   1.6   1.2   0.0   0.0   0.0     ---   ---
23  18.8  21.4   16:45  15.8   23:45   0.5   1.0   0.0   0.0   0.0     ---   ---
24  17.1  19.9   17:30  15.1    1:25   1.3   0.1   0.0   0.0   0.0     ---   ---
25  17.2  20.1   18:05  14.0    7:05   1.3   0.2   0.0   0.0   0.0     ---   ---
26  17.0  19.6   15:20  14.1    5:15   1.4   0.1   0.0   0.0   0.0     ---   ---
27  17.1  20.9   13:40  14.0    7:00   1.7   0.5   1.4   0.0   0.0     ---   ---
28  18.6  22.6   11:55  13.2    6:05   1.3   1.6   0.2   0.0   0.0     ---   ---
29  19.3  24.1   17:40  16.2    7:25   0.4   1.4   0.0   0.0   0.0     ---   ---
30  17.6  20.8   12:10  13.7    7:40   1.2   0.5   0.0   0.0   0.0     ---   ---
31  18.7  23.3   14:35  14.4    4:30   1.2   1.5   0.2   0.0   0.0     ---   ---
-------------------------------------------------------------------------------------
    17.6  30.1     8     9.6     1    49.1  27.8  10.2   0.3  29.0     3     ESE

Max >=  32.0:  0
Max <=   0.0:  0
Min <=   0.0:  0
Min <= -18.0:  0
Max Rain: 5.79 ON 15/05/13
Days of Rain: 7 (> .2 mm) 1 (> 2 mm) 0 (> 20 mm)
Heat Base:  18.3  Cool Base:  18.3  Method: Integration