NOAA-Style Climate Reports


Report for 2013 Abril
                   MONTHLY CLIMATOLOGICAL SUMMARY for APR. 2013

NAME: Ayuntamiento de L'Alfàs del Pi   CITY: L'Alfàs del Pi   STATE: Alicante 
ELEV:    95 m  LAT:  38° 34' 42" N  LONG:   0° 06' 00" W

                   TEMPERATURE (°C), RAIN  (mm), WIND SPEED (km/hr)

                                      HEAT  COOL        AVG
    MEAN                              DEG   DEG         WIND                 DOM
DAY TEMP  HIGH   TIME   LOW    TIME   DAYS  DAYS  RAIN  SPEED HIGH   TIME    DIR
------------------------------------------------------------------------------------
 1  17.0  21.6   15:40  12.4    7:20   2.1   0.8   2.0  10.9  56.3   18:20   WNW
 2  16.8  21.2   17:55  13.4    7:50   1.9   0.4   0.0   8.2  49.9   14:40   WNW
 3  15.7  19.3   13:05  11.4    8:05   2.7   0.1   0.0   3.1  22.5   13:40   ESE
 4  15.2  19.2   12:15  10.8    7:40   3.1   0.0   0.0   4.3  27.4   17:00    SW
 5  13.2  17.7    9:40   7.9   21:15   5.1   0.0   6.2   4.5  38.6   18:10   ESE
 6  11.5  16.9   15:25   7.7    4:20   6.8   0.0   0.0   7.7  48.3   16:40    NW
 7  12.1  15.2   14:50   7.6    5:45   6.2   0.0   0.0   4.3  24.1   16:45    SW
 8  14.6  20.4   15:35  10.0    3:55   3.9   0.2   0.0   4.2  25.7   14:55    SW
 9  17.1  21.8   15:00  12.1    5:25   2.0   0.8   0.0   3.7  29.0   16:05   WNW
10  19.2  23.9   13:55  14.9    7:25   0.7   1.5   0.0   5.1  32.2   17:15   WNW
11  17.4  20.7   16:15  13.8    7:25   1.2   0.3   0.0   3.1  27.4   16:10    SW
12  19.1  23.3   15:15  15.2    6:00   0.7   1.5   0.0   3.4  17.7   13:50    SW
13  16.2  21.6   15:00  13.0    7:10   2.4   0.3   0.0   2.9  20.9   16:05   ENE
14  18.9  22.6   18:00  14.0    5:45   1.1   1.7   0.0   5.8  35.4   14:40   ESE
15  18.1  21.5   11:00  14.8   23:55   0.9   0.7   0.0   4.3  24.1   13:20   ESE
16  15.8  20.5   16:25  12.6    7:05   2.6   0.2   0.0   2.1  16.1   14:05   ESE
17  15.6  20.7   16:15  12.3    6:50   3.0   0.3   0.0   2.6  14.5   13:10   WNW
18  16.2  20.0   12:30  12.3    7:50   2.4   0.2   0.0   2.1  17.7   13:15   ESE
19  17.4  22.7   15:10  13.5    6:35   1.7   0.8   0.0   5.5  41.8   19:00    NE
20  14.9  16.7   12:30  13.8    7:25   3.4   0.0   0.0   5.6  33.8   12:35   ESE
21  15.1  18.9   15:10  11.3    7:10   3.2   0.0   0.0   3.2  19.3   12:00    SW
22  14.5  17.3   16:35  11.6    6:00   3.8   0.0   0.0   2.3  17.7   15:30    SW
23  14.8  18.8   14:55  11.3    6:00   3.5   0.0   0.0   5.6  32.2   14:35   ESE
24  15.7  18.7   14:20  12.4    1:30   2.7   0.0   0.0  10.5  40.2   15:45    NE
25  14.0  15.4   18:40  12.9    5:20   4.3   0.0  51.2  10.8  49.9    0:55    NE
26  15.7  19.5   17:40  14.4    5:05   2.6   0.0   2.6   3.9  22.5   14:45    SW
27  14.4  18.8   11:30  12.4   22:55   3.8   0.0   4.8   4.0  25.7   20:45    SW
28  10.7  13.1    1:25   9.2   10:15   7.6   0.0   5.4  13.0  54.7    7:40     N
29  12.6  16.5   15:20   8.9    1:00   5.7   0.0   2.0   3.4  22.5    1:10    SW
30  12.8  17.2   12:45   9.4    7:20   5.5   0.0   2.2   1.8  30.6   15:25   WNW
-------------------------------------------------------------------------------------
    15.4  23.9    10     7.6     7    96.4   9.8  76.4   5.1  56.3     1     WNW

Max >=  32.0:  0
Max <=   0.0:  0
Min <=   0.0:  0
Min <= -18.0:  0
Max Rain: 51.21 ON 25/04/13
Days of Rain: 8 (> .2 mm) 8 (> 2 mm) 1 (> 20 mm)
Heat Base:  18.3  Cool Base:  18.3  Method: Integration