NOAA-Style Climate Reports


Report for 2013 Marzo
                   MONTHLY CLIMATOLOGICAL SUMMARY for MAR. 2013

NAME: Ayuntamiento de L'Alfàs del Pi   CITY: L'Alfàs del Pi   STATE: Alicante 
ELEV:    95 m  LAT:  38° 34' 42" N  LONG:   0° 06' 00" W

                   TEMPERATURE (°C), RAIN  (mm), WIND SPEED (km/hr)

                                      HEAT  COOL        AVG
    MEAN                              DEG   DEG         WIND                 DOM
DAY TEMP  HIGH   TIME   LOW    TIME   DAYS  DAYS  RAIN  SPEED HIGH   TIME    DIR
------------------------------------------------------------------------------------
 1
 2
 3
 4  13.4  24.1   13:00  12.2   18:30   2.3   0.1  20.3   0.5  12.9   14:30     E
 5  13.8  18.2   11:00  11.5    7:30   4.4   0.0  12.8   1.0  22.5    1:00     E
 6  14.7  19.0   17:05   9.7    7:35   3.2   0.0   0.0   2.7  24.1   12:05   WSW
 7  14.3  17.0   15:10  12.1   22:10   4.0   0.0   1.4   1.8  24.1   15:50    SW
 8  15.8  20.7   14:55  11.2    0:25   2.9   0.4   0.0   4.0  32.2    2:40    SW
 9  15.6  21.1   12:50  11.9    3:20   3.1   0.3   0.0   2.9  33.8   11:45    SW
10  15.4  18.1   13:55  12.7    7:00   2.9   0.0   0.0   5.8  32.2    2:20    SW
11  14.6  18.4   16:15  11.7    4:20   3.7   0.0   0.0   6.9  30.6    8:25   WNW
12  13.3  16.9   14:20  10.7   21:55   5.0   0.0   1.2   7.2  49.9    5:55   WNW
13  11.3  14.8   16:10   7.9   00:00   7.0   0.0   0.2  10.0  48.3   10:40   WNW
14  11.3  16.2   16:20   6.7    4:50   7.0   0.0   0.0  10.9  57.9    7:55    NW
15  12.4  15.5   15:20   9.7    3:40   5.9   0.0   0.0   4.5  32.2    1:20   WNW
16  11.9  16.6   13:45   9.4    5:20   6.4   0.0   0.0   3.1  22.5   15:10    SW
17  12.6  15.5   19:00   9.9    3:15   5.8   0.0   2.4   3.7  24.1   12:45    SW
18  15.2  21.1   15:05  11.4    2:45   3.3   0.2   0.0   4.8  33.8   14:45   WNW
19  13.9  18.4   14:20  10.2    5:35   4.4   0.0   0.0   2.4  17.7   12:00   ESE
20  13.9  18.3    9:00  10.9    6:55   4.4   0.0   0.0   3.2  27.4   10:35   WNW
21  13.9  18.6   15:05   9.8    3:35   4.4   0.0   0.0   2.6  22.5   15:15    SW
22  13.9  18.9   12:00   9.8    2:20   4.4   0.0   0.0   2.7  27.4   16:35    SW
23  13.7  16.9   11:30  10.8   23:25   4.6   0.0   0.0   1.4  16.1   16:55    SW
24  14.9  20.5   17:35   9.6    4:20   3.6   0.2   0.0   3.5  30.6   23:35   WNW
25  16.7  21.2   13:50  11.4    7:15   2.0   0.4   0.0   6.1  40.2    1:30   WNW
26  16.5  19.7   14:50  13.4   22:30   1.9   0.1   0.0   5.3  27.4    1:05   WNW
27  17.7  22.3   13:30  14.6    7:35   1.3   0.6   0.2   4.2  32.2   13:05    SW
28  17.8  23.0   12:50  14.1    1:30   1.3   0.9   0.0   3.2  25.7   13:05    SW
29  17.9  23.2   15:25  15.2   00:00   0.9   0.6   0.0   5.0  30.6    3:15   WNW
30  20.3  24.3   15:35  15.2    0:05   0.2   2.2   0.0   8.5  48.3    5:40   WNW
31  16.3  18.4   13:55  13.7   23:55   1.9   0.0   0.0   4.5  27.4   13:55    SW
-------------------------------------------------------------------------------------
    14.8  24.3    30     6.7    14   102.1   5.9  38.5   4.4  57.9    14      SW

Max >=  32.0:  0
Max <=   0.0:  0
Min <=   0.0:  0
Min <= -18.0:  0
Max Rain: 20.32 ON 04/03/13
Days of Rain: 7 (> .2 mm) 3 (> 2 mm) 1 (> 20 mm)
Heat Base:  18.3  Cool Base:  18.3  Method: Integration