NOAA-Style Climate Reports

Select a Year or Month report
2019: Ene Feb Mar Abr May Jun Jul Ago Sep Oct Nov Dic
2018: Ene Feb Mar Abr May Jun Jul Ago Sep Oct Nov Dic
2017: Ene Feb Mar Abr May Jun Jul Ago Sep Oct Nov Dic
2016: Ene Feb Mar Abr May Jun Jul Ago Sep Oct Nov Dic
2015: Ene Feb Mar Abr May Jun Jul Ago Sep Oct Nov Dic
2014: Ene Feb Mar Abr May Jun Jul Ago Sep Oct Nov Dic
2013: Ene Feb Mar Abr May Jun Jul Ago Sep Oct Nov Dic
2012: Ene Feb Mar Abr May Jun Jul Ago Sep Oct Nov Dic

Report for 2013
                            ANNUAL CLIMATOLOGICAL SUMMARY

NAME: Ayuntamiento de L'Alfàs del Pi  CITY: L'Alfàs del Pi   STATE: Alicante  
ELEV:    95 m  LAT:  38° 34' 47" N  LONG:   0° 06' 05" W

               TEMPERATURE (°C), HEAT BASE 18.3, COOL BASE 18.3
                          DEP.  HEAT  COOL                                          
        MEAN  MEAN        FROM  DEG   DEG                        MAX  MAX  MIN  MIN 
 YR MO  MAX   MIN   MEAN  NORM  DAYS  DAYS  HI  DATE  LOW  DATE  >=32 <=0  <=0  <=-18 
------------------------------------------------------------------------------------
 13  1
 13  2
 13  3  19.2  11.3  14.8   0.0   102     6  24.3  30   6.7   14    0    0    0    0
 13  4  19.4  11.9  15.4   0.0    96    10  23.9  10   7.6    7    0    0    0    0
 13  5  21.5  14.1  17.6   0.0    49    28  30.1   8   9.6    1    0    0    0    0
 13  6  25.6  17.8  21.6   0.0     5   103  30.2  13  14.1    1    0    0    0    0
 13  7  29.5  21.9  25.7   0.0     0   229  33.6  20  18.8    1    3    0    0    0
 13  8  29.3  22.2  25.6   0.0     0   226  34.1   7  17.9   30    1    0    0    0
 13  9  27.4  20.4  23.7   0.0     0   161  28.9   2  18.3    8    0    0    0    0
 13 10  25.8  18.8  21.9   0.0     5   114  30.6   3  13.6   31    0    0    0    0
 13 11  19.2  11.5  15.2   0.0   119    26  28.2   5   4.6   30    0    0    0    0
 13 12  15.8   9.0  12.0   0.0   195     0  19.1  28   4.6    1    0    0    0    0
------------------------------------------------------------------------------------
        23.3  15.9  19.4   0.0   571   901  34.1 AUG   4.6  NOV    4    0    0    0

                                PRECIPITATION (mm)

               DEP.   MAX        DAYS OF RAIN 
               FROM   OBS.          OVER
 YR MO  TOTAL  NORM   DAY  DATE  .2   2   20
---------------------------------------------
 13  1
 13  2
 13  3  38.5    0.0  20.3    4    7    3    1
 13  4  76.4    0.0  51.2   25    8    8    1
 13  5  10.2    0.0   5.8   15    7    1    0
 13  6   1.2    0.0   0.8   18    2    0    0
 13  7   1.8    0.0   1.2   11    2    0    0
 13  8  37.0    0.0  15.0   30    4    3    0
 13  9   4.6    0.0   3.6    7    2    1    0
 13 10   2.2    0.0   2.0   29    2    1    0
 13 11  35.4    0.0  15.6   30    6    4    0
 13 12  72.0    0.0  45.2    1    4    4    1
---------------------------------------------
       279.4   0.0  51.2  APR   44   25    3

                                WIND SPEED (km/hr)
                          DOM
 YR MO   AVG.  HI   DATE  DIR
---------------------------------
 13  1
 13  2
 13  3   4.4  57.9   14    SW
 13  4   5.1  56.3    1   WNW
 13  5   0.3  29.0    3   ESE
 13  6   0.0   1.6    3     W
 13  7   0.8  35.4   30    SW
 13  8   3.3  37.0    8   ESE
 13  9   3.9  40.2   29   ESE
 13 10   3.5  33.8    5   WNW
 13 11   4.6  57.9    4    NW
 13 12   4.4  78.9   26    NW
---------------------------------
         3.0  78.9  DEC  WNW