NOAA-Style Climate Reports

Select a Year or Month report
2018: Ene Feb Mar Abr May Jun Jul Ago Sep Oct Nov Dic
2017: Ene Feb Mar Abr May Jun Jul Ago Sep Oct Nov Dic
2016: Ene Feb Mar Abr May Jun Jul Ago Sep Oct Nov Dic
2015: Ene Feb Mar Abr May Jun Jul Ago Sep Oct Nov Dic
2014: Ene Feb Mar Abr May Jun Jul Ago Sep Oct Nov Dic
2013: Ene Feb Mar Abr May Jun Jul Ago Sep Oct Nov Dic
2012: Ene Feb Mar Abr May Jun Jul Ago Sep Oct Nov Dic

Report for 2018 Septiembre
                   MONTHLY CLIMATOLOGICAL SUMMARY for SEP. 2018

NAME: Ayuntamiento de L'Alfàs del Pi   CITY: L'Alfàs del Pi   STATE: Alicante 
ELEV:    95 m  LAT:  38° 34' 47" N  LONG:   0° 06' 05" W

                   TEMPERATURE (°C), RAIN  (mm), WIND SPEED (km/hr)

                                      HEAT  COOL        AVG
    MEAN                              DEG   DEG         WIND                 DOM
DAY TEMP  HIGH   TIME   LOW    TIME   DAYS  DAYS  RAIN  SPEED HIGH   TIME    DIR
------------------------------------------------------------------------------------
 1  25.9  29.9   16:30  23.2    5:00   0.0   7.7   0.0   3.9  20.9   13:30    SW
 2  25.7  28.7   15:00  22.8    6:30   0.0   7.4   0.0   5.5  27.4   16:30    SW
 3  26.3  28.4   14:30  24.5    5:30   0.0   8.0   0.0   5.5  27.4   15:00    NE
 4  26.1  28.3   12:00  23.4    7:00   0.0   7.7   0.0   3.7  22.5   14:00    NE
 5  26.3  29.6   17:00  23.3    5:30   0.0   8.0   0.0   3.9  22.5   14:30    SW
 6  25.8  29.3   17:00  22.9    7:30   0.0   7.6   0.0   3.7  24.1   15:30    NW
 7  24.8  28.0   15:30  21.9   13:30   0.0   6.5   3.6   3.7  25.7   13:00    NE
 8  24.2  27.0   16:30  21.9    2:00   0.0   5.9   1.0   5.3  29.0   16:30    NE
 9  25.2  28.2   12:00  23.3   18:30   0.0   6.9   2.8   7.6  35.4   18:00   NNE
10  25.4  28.7   15:00  23.7    8:00   0.0   7.1   5.2  12.2  43.5    9:30   NNE
11  25.5  28.5   18:30  23.8    6:00   0.0   7.2   0.0  12.7  41.8   13:00   NNE
12  25.8  29.3   13:30  24.1    8:30   0.0   7.5   0.0   5.3  27.4   18:30    SW
13  25.3  29.8   12:30  22.3    8:00   0.0   7.1   0.2   5.0  33.8   16:00   ESE
14  24.6  28.1   16:30  21.3    8:00   0.0   6.3   0.0   3.4  20.9   12:30    NE
15  23.1  25.9   17:30  20.7    5:30   0.0   4.7  28.0   5.8  32.2   19:00    NE
16  24.4  28.7   13:00  21.6    5:00   0.0   6.1   0.0   4.8  25.7   15:00    NW
17  24.9  28.6   15:00  22.2    9:30   0.0   6.7   2.0   6.1  29.0   10:30    NE
18  25.1  29.2   13:30  22.6    8:00   0.0   6.8   0.0   3.9  27.4   16:30    NW
19  25.6  30.3   14:00  22.1    7:30   0.0   7.3   0.0   2.6  19.3   16:00    NE
20  24.6  27.9   17:30  21.3    6:00   0.0   6.3   0.0   3.4  19.3   13:30    SW
21  24.5  27.9   14:30  21.2    7:30   0.0   4.9   0.0   5.5  24.1   16:00    SW
22
23
24
25
26
27
28
29
30
-------------------------------------------------------------------------------------
    25.2  30.3    19    20.7    15     0.0 143.7  42.8   5.4  43.5    10      NE

Max >=  32.0:  0
Max <=   0.0:  0
Min <=   0.0:  0
Min <= -18.0:  0
Max Rain: 27.99 ON 15/09/18
Days of Rain: 7 (> .2 mm) 5 (> 2 mm) 1 (> 20 mm)
Heat Base:  18.3  Cool Base:  18.3  Method: Integration