NOAA-Style Climate Reports

Select a Year or Month report
2017: Ene Feb Mar Abr May Jun Jul Ago Sep Oct Nov Dic
2016: Ene Feb Mar Abr May Jun Jul Ago Sep Oct Nov Dic
2015: Ene Feb Mar Abr May Jun Jul Ago Sep Oct Nov Dic
2014: Ene Feb Mar Abr May Jun Jul Ago Sep Oct Nov Dic
2013: Ene Feb Mar Abr May Jun Jul Ago Sep Oct Nov Dic
2012: Ene Feb Mar Abr May Jun Jul Ago Sep Oct Nov Dic

Report for 2017 Octubre
                   MONTHLY CLIMATOLOGICAL SUMMARY for OCT. 2017

NAME: Ayuntamiento de L'Alfàs del Pi   CITY: L'Alfàs del Pi   STATE: Alicante 
ELEV:    95 m  LAT:  38° 34' 47" N  LONG:   0° 06' 05" W

                   TEMPERATURE (°C), RAIN  (mm), WIND SPEED (km/hr)

                                      HEAT  COOL        AVG
    MEAN                              DEG   DEG         WIND                 DOM
DAY TEMP  HIGH   TIME   LOW    TIME   DAYS  DAYS  RAIN  SPEED HIGH   TIME    DIR
------------------------------------------------------------------------------------
 1  21.6  23.5   16:00  19.9    8:30   0.0   3.2   0.0   1.3  16.1   16:30    NW
 2  22.1  25.2   13:30  19.3    7:30   0.0   3.8   0.0   3.2  30.6   15:00     E
 3  22.3  26.2   13:00  19.1    7:00   0.0   4.0   0.0   2.9  20.9   14:00    SW
 4  22.2  25.4   14:30  19.1    7:30   0.0   3.9   0.0   3.2  22.5   15:30   WNW
 5  21.8  25.2   15:30  18.7    4:00   0.0   3.5   0.0   5.8  27.4   14:30    SW
 6  22.1  26.2   14:30  18.3    7:30   0.0   3.7   0.0   3.1  19.3   16:30    SW
 7  19.8  24.6   12:00  17.8   21:30   0.1   1.6  14.0   4.2  30.6   13:00    NE
 8  20.4  23.6   15:30  17.6    5:00   0.1   2.2   0.0   4.5  27.4   14:00    SW
 9  20.9  24.4   14:00  17.6    5:30   0.1   2.7   0.0   3.7  19.3   13:30    SW
10  20.9  24.4   14:30  18.2    6:00   0.0   2.7   0.0   3.5  22.5   14:30    SW
11  20.9  24.2   17:00  17.3    6:30   0.1   2.7   0.0   4.2  22.5   13:00    SW
12  21.2  24.7   15:00  18.1    8:00   0.0   2.9   0.0   3.5  20.9   15:00    SW
13  21.8  26.0   15:00  18.4    6:30   0.0   3.5   0.0   3.5  24.1   15:30    SW
14  21.4  25.7   13:30  17.9    7:30   0.0   3.1   0.0   3.1  22.5   15:30    NW
15  21.0  23.8   14:30  18.8    7:00   0.0   2.7   1.6   4.0  24.1   15:30    NE
16  20.8  24.0   12:30  18.2    7:30   0.0   2.5   0.2   5.6  33.8   12:30    NE
17  20.6  23.6   12:30  17.9    8:30   0.0   2.3   0.0   3.2  16.1   13:30    NW
18  20.3  20.4    1:30  20.0    0:30   0.0   0.1   0.0   4.3  12.9    1:30   WSW
19
20
21
22
23
24
25
26
27
28
29
30
31
-------------------------------------------------------------------------------------
    21.2  26.2     3    17.3    11     0.3  51.2  15.8   3.7  33.8    16      SW

Max >=  32.0:  0
Max <=   0.0:  0
Min <=   0.0:  0
Min <= -18.0:  0
Max Rain: 14.00 ON 07/10/17
Days of Rain: 3 (> .2 mm) 1 (> 2 mm) 0 (> 20 mm)
Heat Base:  18.3  Cool Base:  18.3  Method: Integration