NOAA-Style Climate Reports

Select a Year or Month report
2018: Ene Feb Mar Abr May Jun Jul Ago Sep Oct Nov Dic
2017: Ene Feb Mar Abr May Jun Jul Ago Sep Oct Nov Dic
2016: Ene Feb Mar Abr May Jun Jul Ago Sep Oct Nov Dic
2015: Ene Feb Mar Abr May Jun Jul Ago Sep Oct Nov Dic
2014: Ene Feb Mar Abr May Jun Jul Ago Sep Oct Nov Dic
2013: Ene Feb Mar Abr May Jun Jul Ago Sep Oct Nov Dic
2012: Ene Feb Mar Abr May Jun Jul Ago Sep Oct Nov Dic

Report for 2018 Mayo
                   MONTHLY CLIMATOLOGICAL SUMMARY for MAY. 2018

NAME: Ayuntamiento de L'Alfàs del Pi   CITY: L'Alfàs del Pi   STATE: Alicante 
ELEV:    95 m  LAT:  38° 34' 47" N  LONG:   0° 06' 05" W

                   TEMPERATURE (°C), RAIN  (mm), WIND SPEED (km/hr)

                                      HEAT  COOL        AVG
    MEAN                              DEG   DEG         WIND                 DOM
DAY TEMP  HIGH   TIME   LOW    TIME   DAYS  DAYS  RAIN  SPEED HIGH   TIME    DIR
------------------------------------------------------------------------------------
 1  13.7  17.3   14:00  10.1    7:00   4.7   0.0   0.2   5.3  30.6   15:30   NNE
 2  15.6  21.9   16:00   9.9    7:00   3.1   0.4   0.0   4.3  30.6   20:00    SW
 3  19.3  22.4   13:30  15.3    0:30   0.2   1.2   0.0   6.6  33.8    7:00    SW
 4  16.6  20.2   11:00  14.7   22:30   1.9   0.2   0.2   6.4  32.2   12:30    NE
 5  16.9  20.9   15:00  13.7    6:00   1.9   0.5   0.0   2.6  20.9   17:00    NE
 6  18.4  21.9   11:30  15.6    3:00   0.9   1.0   0.0   4.2  37.0   14:30    NE
 7  17.1  20.4   10:30  14.2    6:00   1.5   0.2   0.0   3.7  25.7   12:00    NE
 8  17.2  20.6   15:30 -40.6   14:00   1.4   0.3   0.2   5.8  24.1   16:30    SW
 9  18.1  22.3   15:00  15.0    7:30   1.0   0.8   0.8   5.5  29.0   19:00    SW
10  19.0  23.6   14:30  16.2   00:00   0.5   1.2   0.0   4.7  30.6   12:00    NE
11  18.5  21.9   15:30  15.7    4:30   0.8   1.1   0.0   4.5  20.9   18:30    SW
12  18.1  20.2   12:00  15.7    6:00   0.7   0.5   0.0   5.0  25.7   12:00    SW
13  17.2  21.3    2:00  14.7    6:30   1.3   0.2   0.2   7.1  41.8    2:30   WSW
14   9.6  19.0   11:30 -40.6   12:00   8.7   0.0   0.0   4.3  29.0   15:30    SW
15  16.8  20.2   15:00  13.7    4:30   1.8   0.2   0.0   5.3  27.4   12:30    SW
16  17.2  20.1   16:30  13.5    4:30   1.5   0.4   0.0   4.0  25.7   17:00   ENE
17  18.2  21.4   12:00  15.4    4:30   0.9   0.8   0.0   4.7  27.4   14:30    NE
18  14.0  21.7   13:30 -40.6   12:30   5.2   1.0   0.0   4.5  33.8   17:30   ESE
19  18.2  21.0   11:00  15.2    7:30   0.9   0.8   0.0   5.1  33.8   16:00    NE
20  16.1  21.5   12:00 -40.6    9:30   3.1   0.8   0.0   3.2  19.3   13:30     W
21  18.2  21.6   14:00  15.0    7:00   1.0   0.8   0.0   4.8  25.7   14:30    SW
22  19.7  23.5   13:30  15.6    7:30   0.6   2.0   0.0   4.2  22.5   14:30    SW
23  20.1  24.7   13:30 -40.6    9:00   0.5   2.4   0.0   3.2  22.5   16:30    NE
24  19.7  20.7    8:00  18.8    1:00   0.0   0.5   0.0   2.9  24.1    8:00   NNE
25
26
27
28
29
30
31
-------------------------------------------------------------------------------------
    17.2  24.7    23   -40.6     8    44.2  17.2   1.6   4.7  41.8    13      SW

Max >=  32.0:  0
Max <=   0.0:  0
Min <=   0.0:  5
Min <= -18.0:  5
Max Rain: 0.79 ON 09/05/18
Days of Rain: 5 (> .2 mm) 0 (> 2 mm) 0 (> 20 mm)
Heat Base:  18.3  Cool Base:  18.3  Method: Integration